 12*y - 33. Let p be d(b). Let o(l) = -16*l**2 + l + 1. What is o(p)?
-16
Suppose -5*x - 34 = 3*n + 13, 3*n = 4*x + 16. Let y(m) = m**3 + 8*m**2 + 5*m + 6. Determine y(x).
20
Let c(q) = 6*q + 18. Let u be c(-3). Let r(h) = -2*h + 6*h + u*h - 2*h**2 + 4*h - 5. What is r(5)?
-15
Let g(v) = -v + 16. Let c be g(13). Suppose -c*n - 1 = -7. Let k(s) = 12*s + 0*s**n - 8*s - s**3 + s**2. What is k(3)?
-6
Let s = 33 - 2. Let k = 24 - s. Let y(h) = -h - 8. What is y(k)?
-1
Let n(a) = 2*a**2 - 4*a**2 - 3065 + 3060 + 3*a**2 - 4*a. What is n(4)?
-5
Suppose 0*g = 2*g. Let f(n) be the third derivative of -n**6/120 - n**5/60 + 2*n**2 - 3*n. Give f(g).
0
Let s = 11 + -6. Suppose s*v - 36 = -4*o + 2*o, -3*v - 4*o = -30. Suppose v = -5*j + 31. Let h(b) = b + 3. What is h(j)?
8
Let v(i) = -5*i + 70. Let j be v(14). Let k(t) = -t**3 - 2*t - 3. Determine k(j).
-3
Let k(g) = g**3 + g**2 + g - 17. Suppose 0 = 5*t - 13 + 13. Suppose 2*z - z = -t*z. What is k(z)?
-17
Let x = -335 - -334. Let q(c) = -19*c + 1. Give q(x).
20
Let w(l) = -4*l + 7. Let i(c) = c**3 - 11*c**2 + 18*c + 10. Let h be i(9). Suppose -15 + 65 = h*y. Determine w(y).
-13
Let t(c) be the third derivative of c**8/20160 + c**7/5040 + c**6/720 + c**5/30 + 15*c**2. Let b(l) be the third derivative of t(l). What is b(-3)?
7
Let g(p) = 2*p**3 - 3*p**2 + p - 2. Let j be g(2). Suppose -j + 12 = 4*k. Let d be -2 + -2 + 4 + k. Let a(r) = -r. Give a(d).
-2
Let n(l) be the first derivative of 3 - 1/4*l**4 + 4*l - 5/3*l**3 + 3*l**2. Calculate n(-6).
4
Suppose 2*n = 0, -51*c - 2*n - 1 = -52*c. Let k(y) = 63*y**3 + y**2 - 2*y + 1. What is k(c)?
63
Let k(p) = -p**3 + 6*p**2 + 16*p - 58. Let t be k(7). Let d(l) = -l**3 + 7*l**2 - 4*l - 6. Give d(t).
24
Let r = 515 + -514. Let d(h) = 29*h + 1. Give d(r).
30
Let c be -3 - ((-6)/2 + 3). Let f(w) be the third derivative of -w**4/24 + w**3/2 + 5*w**2. Calculate f(c).
6
Let k = 2029 - 2030. Let n(t) = 32*t**3 - 2*t - 2. Give n(k).
-32
Let g(m) be the third derivative of -1/60*m**5 + 0 + 0*m - 5/6*m**3 - 1/3*m**4 + 6*m**2. What is g(-6)?
7
Suppose -5*p = -5 - 25. Let v be p/(5/((-10)/4)). Let b(z) be the second derivative of z**4/12 + 7*z**3/6 + z**2/2 + 4*z. Give b(v).
-11
Let b(n) = -6*n**2 - 7*n - 3. Let l(q) = 7*q**2 + 8*q + 4. Let j = -27 - -21. Let o(r) = j*b(r) - 5*l(r). Determine o(-3).
1
Let l = -10 + 14. Let j be 2 - ((-10 - -4) + l). Let q(t) = t + 5*t - 2*t + 4 + t**3 - 5*t**2. Give q(j).
4
Let q(o) = -3*o - 3 + 2 + o**3 - o**2 - 2. Suppose 0 = -89*d + 152 + 115. Give q(d).
6
Let s = -28 - -40. Let k(t) = -s*t - 1 + 23*t - 13*t. Determine k(5).
-11
Let p = 41 + -38. Let q(n) = 90*n + 0*n**2 - 88*n - 4*n**2 + p*n**2 + 2. Calculate q(-2).
-6
Let l be -12*(-11)/((-198)/12). Let k(g) = g + 3. Determine k(l).
-5
Let z(j) = 4*j + 41. Suppose -5*x + v - 68 = -v, 0 = -5*x + v - 64. Calculate z(x).
-7
Let r(j) = 6*j - 121. Let x be r(19). Let w(b) = -b. Determine w(x).
7
Let x(c) = 13*c**2 + 5*c + 9. Let t(b) = -10*b**2 - 4*b - 8. Let u(r) = 4*t(r) + 3*x(r). Give u(-3).
-11
Suppose -2*z = -r + 1, -6 - 2 = z - 3*r. Suppose 4*p - 9 = -1. Let g(w) = 2*w + 0*w - 3*w + 2*w - 8*w**p. Calculate g(z).
-7
Let n(c) = 5*c**2 - 4*c + 12. Let r(m) = 4*m**2 - 5*m + 11. Let g(k) = -3*n(k) + 4*r(k). Calculate g(7).
1
Let f(x) = -2*x**2 + 21*x + 13. Let c be f(11). Let k(b) = -8 + b - c*b + 2*b + 0*b. Calculate k(0).
-8
Let l = -630 + 634. Let k(p) be the third derivative of 4*p**2 + 0*p + 0 + 1/24*p**l - 4/3*p**3. Give k(6).
-2
Suppose 4*v - 3*v = 0. Let m(u) = -2*u**2 + 10 - 29*u - 26 + 30*u + u**2. Determine m(v).
-16
Let i(h) = 2*h + 5. Let t(f) = 1. Let l(c) = -c + 6. Let o be l(5). Let r(b) = 3*b + 8. Let j(v) = o*t(v) + r(v). Let x(q) = 5*i(q) - 3*j(q). Determine x(6).
4
Let i be -9 - (-3 - -3 - 2). Let u(f) = f**3 + 6*f**2 - 7*f - 4. Let p be u(i). Let l(c) = -c**2 - 7*c - 5. What is l(p)?
7
Suppose -2*r + 6*r - 5*w + 9 = 0, 5*w = -r + 4. Let d(y) = -7*y - 6. Let u(c) = -c - 1. Let n(s) = -5*d(s) + 30*u(s). Determine n(r).
-5
Let b(m) be the first derivative of -4*m - 1/3*m**3 + 1/2*m**2 + 1. Let d be 4/(-10) - (-32)/80. Determine b(d).
-4
Let l = 157 - 153. Let m(v) = v - 4. Let u be m(6). Suppose 0*p - u*p = -l. Let z(d) = 3*d. Give z(p).
6
Let u be (2/3)/(3/9). Suppose u*d - w - 8 = 0, -2 - 2 = -d + 4*w. Let n(t) = 3*t**2 + 4*t. Let m(l) = 8*l**2 + 12*l. Let a(j) = -4*m(j) + 11*n(j). What is a(d)?
0
Let o(i) = -i**2 - i - 1. Let w(a) = -4*a**3 - 21*a - 19. Let m(p) = p**3 + 5*p + 5. Let d(v) = 9*m(v) + 2*w(v). Let u(s) = -d(s) - 3*o(s). Determine u(3).
-4
Let d(u) = -u. Let c = 3 - -12. Let s be (-6)/(-15) - (-144)/c. Suppose 7*f + s = -11. Give d(f).
3
Let v(f) = f + 1. Suppose -5*z - 2*p + 4*p = -31, p = -2*z + 16. Let r be v(z). Let s(c) = r*c - 5*c + 0*c**3 + 0*c - 1 - 4*c**2 - c**3. Give s(-5).
9
Let t be (-3)/12 + (-10)/(-8). Suppose 3 = 2*s - t. Let v(a) = -7 - 4*a + a + 4*a - s*a. Determine v(0).
-7
Let t = -17 + 21. Suppose -8 = -t*q + 4. Let r(l) = -10 + 5 - l + 4*l - 2*l. Determine r(q).
-2
Let j(l) be the first derivative of -5*l**2/2 + 4*l + 27. Suppose u = 6*u. Let n = 3 - u. Calculate j(n).
-11
Let v(l) be the first derivative of 1/2*l**2 - 4*l + 25. What is v(2)?
-2
Let t(g) be the second derivative of g**3/6 + 6*g**2 + 2*g. Suppose 13*l + 11*l = 33*l. Determine t(l).
12
Suppose -3*q + 14 = 3*z - 2*q, 2*z + 3*q = 7. Let r(p) = -p - 5. Let u(b) = -1. Let m(d) = z*u(d) - r(d). Let a = 12 + -9. Calculate m(a).
3
Let g(f) = f - 7. Suppose 7*i + 44 = 93. Calculate g(i).
0
Let o(q) = -13*q + 174. Let z be o(14). Let c(l) = l**3 + 7*l**2 - 7*l + 5. Give c(z).
-3
Let f(k) = -k**3 + k**2 + 3*k + 7. Let o be (540/120)/(3/(-2)). Determine f(o).
34
Let u(q) = -7*q**2 - q - 2. Let g(z) = -32*z**2 - 6*z - 6. Let f(c) = -2*g(c) + 9*u(c). Give f(-7).
22
Suppose -159 = -50*o - 709. Let b(l) = -l - 8. What is b(o)?
3
Let f(w) = 17*w + 26*w + 4 - 39*w. Calculate f(4).
20
Suppose -4*t = 2*n + 7 - 3, 5*t - 2*n + 5 = 0. Let z(j) = j**2 + j. Let u(s) = 11*s**2 - 2*s. Suppose 0 = 7*q - 6*q - 3. Let y(p) = q*z(p) + u(p). What is y(t)?
13
Let c(a) be the second derivative of a**6/120 - a**5/15 + 2*a**3/3 - 10*a**2 + 19*a. Let q(p) be the first derivative of c(p). Calculate q(4).
4
Let c(w) = 5*w**2 + 3*w + 2. Suppose -20 = 4*r - 6*r. Suppose 0 = -3*d - 6, -23 = -4*b - b + 4*d. Suppose -b*y - 2*y = r. Calculate c(y).
16
Suppose -3*x - 81*q + 78*q = 0, 5*q = x. Let k(s) = -s**3 + s - 50. Determine k(x).
-50
Suppose 3*o + 47 - 35 = 0. Let y be (-5)/20 + o/(-16). Let k(f) = -f - 5. Give k(y).
-5
Let y = 2197 - 2201. Let c(k) = -k**3 - 5*k**2 - 6*k - 7. Calculate c(y).
1
Let p(h) = h**2 - 4*h + 1. Let j(s) = -2*s - 2. Let f(d) = -3*d - 1. Let o(k) = 3*f(k) - 4*j(k). Let c be o(3). Suppose c = -5*b + 22. Determine p(b).
1
Suppose -q + 15 = 5*t, -5*t + 46*q - 48*q + 10 = 0. Let d(z) = -z - 2. Determine d(t).
-6
Let j(b) be the third derivative of -b**4/24 + 5*b**3/6 + 1329*b**2. Let t = -6 + 10. Give j(t).
1
Let s(x) = -26*x - 1. Suppose -4*o - 15*f - 5 = -14*f, -3*f = 3. What is s(o)?
25
Suppose -2*j - 3*j - 2*y = 34, -24 = 3*j + 3*y. Let m(o) = -o**3 - 6*o**2 - 4*o - 9. Let k be m(j). Let u(a) = -13*a - k*a + 24*a - 2. Calculate u(-2).
6
Let q(u) = -u + 4. Let g be (42/(-12))/(2/(-4)). Let s be (0 - (-34)/(-6)) + g/(-21). Calculate q(s).
10
Let z(f) = -f - 2. Let s(x) = 49*x. Let i be s(-1). Let h = i + 57. Calculate z(h).
-10
Let v(f) = -7*f**2 + 1. Suppose -9 = 3*p + 18. Let x be 21/(-12) - p/12. Calculate v(x).
-6
Suppose 0 = -5*m + 17 - 37. Let u(o) = -o**3 - 5*o**2 - 5*o. Determine u(m).
4
Let y(m) = -5*m + 6. Let k be (2 - (-2 + 5)) + (-1 - -6). Suppose -2*j + 4*c + 24 - 4 = 0, -4*j = 4*c - k. Determine y(j).
-14
Let i(v) = -11 - v**3 + 6*v**2 - 6 + 15 - 5*v + v**2 - 3. Suppose 3*m + m - 96 = 0. Suppose 24 = 4*q - z, 3*q - m = -q - 3*z. Calculate i(q).
1
Let z(n) be the first derivative of -n**3/3 - n**2/2 + 4. Let v be z(0). Let s(w) = -1 + v*w - 2*w - 2*w - 1. Calculate s(2).
-10
Suppose -w = -5*u + 13, 0 = -6*w + 8*w - 2*u + 2. Let j(c) = -c**3 + c**2 - 3. Let l(i) = 2*i**3 - i**2 + 5. Let x(k) = 5*j(k) + 3*l(k). Determine x(w).
16
Let l(u) = 7*u**2 - 1. Let c(s) = s**3 + 15*s**2 + 25*s - 12. Let j = -42 - -29. Let x be c(j). Determine l(x).
6
Let q(h) = 29*h + 2. Suppose 0 = 55